 123. Calculate the remainder when 229 is divided by n(-8).
25
Let o = -553 + 557. Let t(v) = 2*v. Let i be t(4). Let j = i + -1. Calculate the remainder when j is divided by o.
3
Let z(k) = k**2 + 3*k - 5. Suppose 0 = 324*a - 38411 - 2089. What is the remainder when a is divided by z(4)?
10
Suppose 3*u - 9 = 0, 4*b + 3 = 2*u - u. Suppose b = 2*z + 3*w + 218, 2*z = 4*w - 5*w - 218. Let k = 132 + z. What is the remainder when 90 is divided by k?
21
Let b(x) = x**3 - 10*x - 8. Let n be b(0). Let d(m) = -m + 19. Calculate the remainder when 131 is divided by d(n).
23
Let s(c) = -c**3 + 6*c**2 + 5*c + 2. What is the remainder when ((-1)/(-1) - 141)*(-451)/902 is divided by s(6)?
6
Calculate the remainder when 7255/15 - (16/6 - 2) is divided by 162.
159
What is the remainder when -5 - -2 - (-457 + (-5 - 0)) is divided by 46?
45
Let k(b) = b**2 - 31*b + 180. What is the remainder when ((-16)/10)/(18/(-1035)) is divided by k(7)?
8
Let j = -64 + 67. Suppose 69 = -j*i + 174. What is the remainder when 278 is divided by i?
33
Suppose 100*w = -16*w + 4105 - 857. What is the remainder when 673 is divided by w?
1
Suppose 3*s - 2 = -z, -17 + 21 = -z. Suppose -3*c + 6 = 5*v - 3, 0 = s*v + 3*c. Calculate the remainder when 0 + (0 - -1) - -19 is divided by v.
2
Suppose -5*r - 3233 = -4*l, 13*l - 18*l + 3990 = 4*r. What is the remainder when 2418 is divided by l?
12
Let t(p) be the second derivative of -7*p**5/10 - p**3/6 - p**2 + 5*p. Let v be t(-1). Suppose j - 43 = -v. Calculate the remainder when j is divided by 12.
6
Calculate the remainder when 6 - (-17)/(221/25064) is divided by 9.
8
Suppose -31*a - 1690 = 7548. Let q = 317 + a. What is the remainder when 59 is divided by q?
2
What is the remainder when 690 is divided by ((-880)/45 - 11/(594/(-12)))*-3?
52
Let l(y) = 56*y**2 + 558*y + 8. Calculate the remainder when l(-11) is divided by 162.
160
Let r(z) = -z**2 - 360*z + 30. Calculate the remainder when 2458 is divided by r(0).
28
Suppose -48 = -12*o + 12. Let h = 15 - -2. Calculate the remainder when ((-12)/16 - (-1225)/28) + o is divided by h.
14
Calculate the remainder when 393 is divided by (-4)/10*((-663)/2 + -1).
127
Suppose -5*d = -193 - 512. Suppose -h + t + 2 = 0, 2*t - 61 = -4*h + 7. Calculate the remainder when d is divided by h.
9
Suppose 135*z = 88*z + 28576. Calculate the remainder when z is divided by 200.
8
Let y(r) = r**3 + 5*r**2 - 9*r - 4. Let w = 71 + 100. What is the remainder when (-4 - w/(-45)) + 822/10 is divided by y(-6)?
12
Let g(v) = 7*v. Let s be 3*(-2)/36*-6. Suppose -16*x + 46 = -15*x. Calculate the remainder when x is divided by g(s).
4
What is the remainder when 236 is divided by (-226*(-12)/144)/(1/6)?
10
Suppose 0 = 2*z + 9 - 25. Let v(c) = c**2 + 4*c + 7. Let t be v(-3). Suppose 5*r - 4*k = 21, r - 26 = -t*r - k. Calculate the remainder when z is divided by r.
3
What is the remainder when (-2 - (-3 - (-23683)/(-55)))*(-5)/(-2) is divided by 45?
44
Let v = -8549 - -11911. Calculate the remainder when v is divided by 29.
27
Let n(o) = -2*o + 71. Let v be n(30). Suppose k - 30 = -v. What is the remainder when 92 is divided by k?
16
Let x(m) = -34*m. Suppose -i - 12 = 2*d - 5*d, 0 = -4*i. Suppose 2*r - h - 42 = 0, -2*h = -d*r + 2*h + 92. What is the remainder when x(-1) is divided by r?
15
Let l be ((-33)/(-11) - 8)*3/(-5). Suppose 0 = 2*d - l*o + 65 - 214, -370 = -5*d + 5*o. What is the remainder when d is divided by 30?
13
Suppose 4*d + q = 99, d + q - 18 = 6. Let j(x) = -3*x**3 - 161*x**2 - 822*x + 32. Calculate the remainder when j(-48) is divided by d.
20
Calculate the remainder when 3/(-4) - ((-9996105)/84)/31 is divided by 9.
4
Let y(n) = n + 22. Let l(z) = -z - 6. Let j be l(-6). Suppose -162 = -2*d - 2*v, j = -v - 1. What is the remainder when d is divided by y(-8)?
12
Let p be (-74)/703 - (-1556)/(-19). Let w = p - -302. Calculate the remainder when w is divided by 76.
68
Let h(a) = -a**3 + 7*a**2 + 38*a - 62. Calculate the remainder when h(9) is divided by 25.
18
Let z = -173 + 179. Let u(t) = 10*t**2 + 44*t - 7. Calculate the remainder when u(-5) is divided by z.
5
Let a = 46 + -41. Suppose -a*h + 36 = -34. What is the remainder when -3*1 - (-774)/18 is divided by h?
12
Let v(s) = 7*s**2 + 13*s + 75. What is the remainder when 923 is divided by v(-5)?
183
Suppose 0*h + i - 66 = h, -5*h - 5*i = 330. Calculate the remainder when 7/(-5) + h/(-15) is divided by 1.
0
Suppose 0 = -5*o + r + 1298, -4*o + 11*r = 7*r - 1048. Calculate the remainder when 805 is divided by o.
28
Let q(z) = -3*z**3 - z**2 - 7. Suppose 56*w - 57*w = 1. What is the remainder when q(-3) is divided by (-164)/(-9) + (w - (-7)/9)?
11
Suppose -38*z + 1190 = -28*z. Suppose 3*s - 2*q - 97 = -6*q, -3*s = -5*q - 88. Calculate the remainder when z is divided by s.
26
Suppose 5*y + 58 = 193. What is the remainder when -393*(3/27)/(4/(-12)) is divided by y?
23
Let w(f) = f**3 + 14*f**2 - 16*f - 371. Suppose 3*c - 4*g - 92 = 2, 3*g + 64 = 2*c. What is the remainder when c is divided by w(-13)?
2
Suppose -11*n + 59 = 4. Calculate the remainder when (n + -6)*(0 - 108) is divided by ((-148)/24)/((-2)/12).
34
Let y = 35028 + -26682. Calculate the remainder when y is divided by 121.
118
Suppose 3*j - 5*k = 38 + 1, -3*j + 3*k + 45 = 0. Let s = 5 + -2. Suppose -179 - 82 = -s*q. Calculate the remainder when q is divided by j.
15
Let o(d) be the third derivative of -d**6/120 - 3*d**5/20 - 13*d**4/24 + 25*d**3/6 + 8*d**2 - 1. Calculate the remainder when 57 is divided by o(-7).
3
Let j be (3/4)/((-12)/48). Let b be (j - ((2 - 3) + 0)) + 26. Calculate the remainder when -6*((-45)/b)/5*4 is divided by 5.
4
What is the remainder when ((-2 - 3) + 6)/((-3 - -2)/(-67)) is divided by 58?
9
Let r(t) = 30*t + 614. What is the remainder when r(-13) is divided by 105?
14
Calculate the remainder when 481 is divided by ((-3478)/(-259))/(2/7).
11
Let z = 26 + 58. Suppose 0 = -5*c - 3*r + 12, 6*c - c - 4 = -r. Suppose -3*d + 4*d - 17 = c. What is the remainder when z is divided by d?
16
Suppose 6*u - 41 = 4*g + 37, 52 = 4*u - 5*g. Let s = -19 - 22. What is the remainder when -3 - 0/(-2) - s is divided by u?
12
Suppose -h - h + 42 = 0. Let a = -43 + 16. Calculate the remainder when 4/18 - 48/a - -122 is divided by h.
19
Let a(w) = w**2 - 10*w + 12. Let d be a(10). Suppose 2*q = -q + d. Let j(i) = i**3 - 24*i**2 - 4*i + 99. Calculate the remainder when q is divided by j(24).
1
Suppose 3*d = 3*t + 183, 5*t - 220 = -2*d - 56. What is the remainder when 1367 is divided by d?
27
Let u(f) = -4*f + 135. Let i be u(28). Suppose 1 = -s + i. What is the remainder when 66 is divided by s?
0
What is the remainder when -2*3/(-6)*(-308)/(-11) is divided by 7?
0
Let c(j) = -2*j + 91. Let g = 23 - 34. Calculate the remainder when c(g) is divided by 38.
37
Let n = 3908 + -3294. What is the remainder when n is divided by 7?
5
Let s = -5166 - -5300. Let r = 212 + -118. Let a = s - r. Calculate the remainder when 76 is divided by a.
36
Let v(j) = 13*j**2 + j + 1. Let h = 42 + -44. Calculate the remainder when v(4) is divided by 516/18*(1 + (-1)/h).
41
Let m(u) = -u**3 - 58*u**2 + 245*u - 72. What is the remainder when 350 is divided by m(-62)?
8
Let z(x) = x**3 + 81*x**2 + 1581*x + 37. What is the remainder when z(-47) is divided by 121?
110
Calculate the remainder when 4/(8/(-11444)*(1 - -9 - 11)) is divided by 14.
10
Suppose -19*d + 238 = -5*d. Suppose 22*j - 5 = d*j. Calculate the remainder when 8 is divided by j.
0
Suppose -t + 2*t - 231 = 0. Let b = t - 118. Let a = -2 + 21. What is the remainder when b is divided by a?
18
Let g(k) be the first derivative of -95*k**2/2 - 142*k + 5. What is the remainder when g(-10) is divided by 54?
52
Suppose -5*h + 73 = 2*z, 13 = 4*h + z - 43. Calculate the remainder when (-7)/((-14)/20)*85/10 is divided by h.
7
What is the remainder when ((-5271)/2205 + (-6)/(-105))/((-2)/564) is divided by 72?
10
Suppose 0 = 3*d + 5*d - 184. Let l(g) = d*g**2 + g + 32*g**2 - 9*g**2. Calculate the remainder when l(1) is divided by 26.
21
Suppose -2*n + 375 = 3*n. Suppose 3720 - 3524 = k + 3*z, 3*z = 4*k - 874. Calculate the remainder when k is divided by n.
64
Suppose 0 = -140*l + 51*l + 648988. Calculate the remainder when l is divided by 178.
172
Suppose 5*i - 3*k + 3